{"id":274,"date":"2026-03-02T18:35:03","date_gmt":"2026-03-02T18:35:03","guid":{"rendered":"https:\/\/noemilopez.fpcei.eu\/?page_id=274"},"modified":"2026-03-02T18:35:03","modified_gmt":"2026-03-02T18:35:03","slug":"politica-de-cookies","status":"publish","type":"page","link":"https:\/\/noemilopez.fpcei.eu\/?page_id=274","title":{"rendered":"POL\u00cdTICA DE COOKIES"},"content":{"rendered":"\n<p>Pol\u00edtica de cookies<br>La presente pol\u00edtica de cookies tiene por finalidad informarle de manera clara y precisa sobre las cookies que se utilizan en la p\u00e1gina web &lt;<a href=\"https:\/\/noemilopez.fpcei.eu\/\">https:\/\/noemilopez.fpcei.eu\/<\/a>> .<br>\u00bfQu\u00e9 son las cookies?<br>Una cookie es un peque\u00f1o fragmento de texto que los sitios web que visita env\u00edan al navegador y que permite que el sitio web recuerde informaci\u00f3n sobre su visita, como su idioma preferido y otras opciones, con el fin de facilitar su pr\u00f3xima visita y hacer que el sitio le resulte m\u00e1s \u00fatil. Las cookies desempe\u00f1an un papel muy importante y contribuyen a tener una mejor experiencia de navegaci\u00f3n para el usuario.<br>Tipos de cookies<br>Seg\u00fan qui\u00e9n sea la entidad que gestione el dominio desde d\u00f3nde se env\u00edan las cookies y se traten los datos que se obtengan, se pueden distinguir dos tipos: cookies propias y cookies de terceros.<br>Existe tambi\u00e9n una segunda clasificaci\u00f3n seg\u00fan el plazo de tiempo que permanecen almacenadas en el navegador del cliente, pudiendo tratarse de cookies de sesi\u00f3n o cookies persistentes.<br>Por \u00faltimo, existe otra clasificaci\u00f3n con cinco tipos de cookies seg\u00fan la finalidad para la que se traten los datos obtenidos: cookies t\u00e9cnicas, cookies de personalizaci\u00f3n, cookies de an\u00e1lisis, cookies publicitarias y cookies de publicidad comportamental.<br>Para m\u00e1s informaci\u00f3n a este respecto puede consultar la Gu\u00eda sobre el uso de las cookies de la Agencia Espa\u00f1ola de Protecci\u00f3n de Datos (<a href=\"https:\/\/www.interior.gob.es\/opencms\/documentacion\/Guia_de_Cookies.pdf\">https:\/\/www.interior.gob.es\/opencms\/documentacion\/Guia_de_Cookies.pdf<\/a>)<br>Cookies utilizadas en la web<br>A continuaci\u00f3n se identifican las cookies que est\u00e1n siendo utilizadas en este portal as\u00ed como su tipolog\u00eda y funci\u00f3n:<br>La p\u00e1gina web &lt;<a href=\"https:\/\/noemilopez.fpcei.eu\/\">https:\/\/noemilopez.fpcei.eu\/<\/a>> utiliza Google Analytics, un servicio de anal\u00edtica web desarrollada por Google, que permite la medici\u00f3n y an\u00e1lisis de la navegaci\u00f3n en las p\u00e1ginas web. En su navegador podr\u00e1 observar cookies de este servicio. Seg\u00fan la tipolog\u00eda anterior se trata de cookies propias, de sesi\u00f3n y de an\u00e1lisis.<br>A trav\u00e9s de la anal\u00edtica web se obtiene informaci\u00f3n relativa al n\u00famero de usuarios que acceden a la web, el n\u00famero de p\u00e1ginas vistas, la frecuencia y repetici\u00f3n de las visitas, su duraci\u00f3n, el navegador utilizado, el operador que presta el servicio, el idioma, el terminal que utiliza y la ciudad a la que est\u00e1 asignada su direcci\u00f3n IP. Informaci\u00f3n que posibilita un mejor y m\u00e1s apropiado servicio por parte de este portal.<br>Para garantizar el anonimato, Google convertir\u00e1 su informaci\u00f3n en an\u00f3nima truncando la direcci\u00f3n IP antes de almacenarla, de forma que Google Analytics no se usa para localizar o recabar informaci\u00f3n personal identificable de los visitantes del sitio. Google solo podr\u00e1 enviar la informaci\u00f3n recabada por Google Analytics a terceros cuanto est\u00e9 legalmente obligado a ello. Con arreglo a las condiciones de prestaci\u00f3n del servicio de Google Analytics, Google no asociar\u00e1 su direcci\u00f3n IP a ning\u00fan otro dato conservado por Google.<br>Por \u00faltimo, se descarga una cookie denominada show_cookies, propia, de tipo t\u00e9cnico y de sesi\u00f3n. Gestiona el consentimiento del usuario para el uso de las cookies en la p\u00e1gina web, con el objeto de recordar aquellos usuarios que las han aceptado y aquellos que no, de modo que a los primeros no se les muestre informaci\u00f3n en la parte superior de la p\u00e1gina al respecto.<br>Aceptaci\u00f3n de la pol\u00edtica de cookies<br>Pulsando el bot\u00f3n ACEPTO se asume que usted acepta el uso de cookies.<\/p>\n\n\n\n<p>Permitirlas o bloquearlas en su navegador<br>Estos son los procedimientos para permitirlas o no en los principales navegadores:<br>Chrome<br>Haz clic en el icono de llave en la parte superior derecha de tu navegador.<br>Selecciona Opciones (para Mac, selecciona Preferencias).<br>Haz clic en la pesta\u00f1a Avanzadas (Under the Hood).<br>Pulsa en Configuraci\u00f3n de Contenido.<br>Haz clic en Cookies.<br>Haz clic en Permitir datos locales para establecer (recomendado).<br>Internet Explorer 7+<br>Ve a la parte superior de la ventana del navegador y selecciona Herramientas.<br>Haz clic en Opciones de Internet<br>Haz clic en la pesta\u00f1a Privacidad y, luego selecciona Opciones Avanzadas.<br>Marca Cancelar el manejo autom\u00e1tico de cookies (si ya est\u00e1 marcado, contin\u00faa con el paso siguiente).<br>Primero ajusta las cookies de terceros para que sean aceptadas.<br>Marca Permitir siempre cookies y haz clic en Aceptar<br>Mozilla Firefox<br>Haz clic en Herramientas y luego Opciones.<br>En la parte superior de la ventana, selecciona Privacidad.<br>Marca las opciones Aceptar cookies de sitios y aceptar cookies de terceros y haz clic en Aceptar.<br>Safari<br>En el men\u00fa de Safari, haz clic en Preferencias.<br>Haz clic en Seguridad.<br>En la secci\u00f3n de Aceptar cookies, selecciona ya sea Siempre o S\u00f3lo de los sitios por los que navegas.<\/p>\n","protected":false},"excerpt":{"rendered":"<p>Pol\u00edtica de cookiesLa presente pol\u00edtica de cookies tiene por finalidad informarle de manera clara y precisa sobre las cookies que [&hellip;]<\/p>\n","protected":false},"author":2,"featured_media":0,"parent":0,"menu_order":0,"comment_status":"closed","ping_status":"closed","template":"","meta":{"site-sidebar-layout":"default","site-content-layout":"","ast-site-content-layout":"default","site-content-style":"default","site-sidebar-style":"default","ast-global-header-display":"","ast-banner-title-visibility":"","ast-main-header-display":"","ast-hfb-above-header-display":"","ast-hfb-below-header-display":"","ast-hfb-mobile-header-display":"","site-post-title":"","ast-breadcrumbs-content":"","ast-featured-img":"","footer-sml-layout":"","theme-transparent-header-meta":"","adv-header-id-meta":"","stick-header-meta":"","header-above-stick-meta":"","header-main-stick-meta":"","header-below-stick-meta":"","astra-migrate-meta-layouts":"default","ast-page-background-enabled":"default","ast-page-background-meta":{"desktop":{"background-color":"var(--ast-global-color-5)","background-image":"","background-repeat":"repeat","background-position":"center center","background-size":"auto","background-attachment":"scroll","background-type":"","background-media":"","overlay-type":"","overlay-color":"","overlay-opacity":"","overlay-gradient":""},"tablet":{"background-color":"","background-image":"","background-repeat":"repeat","background-position":"center center","background-size":"auto","background-attachment":"scroll","background-type":"","background-media":"","overlay-type":"","overlay-color":"","overlay-opacity":"","overlay-gradient":""},"mobile":{"background-color":"","background-image":"","background-repeat":"repeat","background-position":"center center","background-size":"auto","background-attachment":"scroll","background-type":"","background-media":"","overlay-type":"","overlay-color":"","overlay-opacity":"","overlay-gradient":""}},"ast-content-background-meta":{"desktop":{"background-color":"var(--ast-global-color-4)","background-image":"","background-repeat":"repeat","background-position":"center center","background-size":"auto","background-attachment":"scroll","background-type":"","background-media":"","overlay-type":"","overlay-color":"","overlay-opacity":"","overlay-gradient":""},"tablet":{"background-color":"var(--ast-global-color-4)","background-image":"","background-repeat":"repeat","background-position":"center center","background-size":"auto","background-attachment":"scroll","background-type":"","background-media":"","overlay-type":"","overlay-color":"","overlay-opacity":"","overlay-gradient":""},"mobile":{"background-color":"var(--ast-global-color-4)","background-image":"","background-repeat":"repeat","background-position":"center center","background-size":"auto","background-attachment":"scroll","background-type":"","background-media":"","overlay-type":"","overlay-color":"","overlay-opacity":"","overlay-gradient":""}},"footnotes":""},"class_list":["post-274","page","type-page","status-publish","hentry"],"_links":{"self":[{"href":"https:\/\/noemilopez.fpcei.eu\/index.php?rest_route=\/wp\/v2\/pages\/274","targetHints":{"allow":["GET"]}}],"collection":[{"href":"https:\/\/noemilopez.fpcei.eu\/index.php?rest_route=\/wp\/v2\/pages"}],"about":[{"href":"https:\/\/noemilopez.fpcei.eu\/index.php?rest_route=\/wp\/v2\/types\/page"}],"author":[{"embeddable":true,"href":"https:\/\/noemilopez.fpcei.eu\/index.php?rest_route=\/wp\/v2\/users\/2"}],"replies":[{"embeddable":true,"href":"https:\/\/noemilopez.fpcei.eu\/index.php?rest_route=%2Fwp%2Fv2%2Fcomments&post=274"}],"version-history":[{"count":1,"href":"https:\/\/noemilopez.fpcei.eu\/index.php?rest_route=\/wp\/v2\/pages\/274\/revisions"}],"predecessor-version":[{"id":275,"href":"https:\/\/noemilopez.fpcei.eu\/index.php?rest_route=\/wp\/v2\/pages\/274\/revisions\/275"}],"wp:attachment":[{"href":"https:\/\/noemilopez.fpcei.eu\/index.php?rest_route=%2Fwp%2Fv2%2Fmedia&parent=274"}],"curies":[{"name":"wp","href":"https:\/\/api.w.org\/{rel}","templated":true}]}}